{"id":464,"date":"2026-04-11T20:49:52","date_gmt":"2026-04-11T20:49:52","guid":{"rendered":"https:\/\/xn--trngiaminh-bl3e.azdigi.shop\/?post_type=product&#038;p=464"},"modified":"2026-04-23T17:04:18","modified_gmt":"2026-04-23T17:04:18","slug":"banh-trang-tron-pho-mai","status":"publish","type":"product","link":"https:\/\/xn--trngiaminh-bl3e.azdigi.shop\/?product=banh-trang-tron-pho-mai","title":{"rendered":"Topping ph\u00f4 mai (mua th\u00eam)"},"content":{"rendered":"<h2 data-section-id=\"omyqyn\" data-start=\"129\" data-end=\"192\">\ud83e\uddc0 Topping ph\u00f4 mai (mua th\u00eam) \u2013 B\u00e9o ng\u1eady si\u00eau cu\u1ed1n<\/h2>\n<p data-start=\"194\" data-end=\"395\"><strong data-start=\"194\" data-end=\"234\"><a href=\"https:\/\/www.bing.com\/search?q=b\u00e1nh%20tr\u00e1ng%20wiki&amp;qs=n&amp;form=QBRE&amp;sp=-1&amp;ghc=1&amp;lq=0&amp;pq=b\u00e1nh%20tr\u00e1ng%20wik&amp;sc=12-14&amp;sk=&amp;cvid=CCCB9A30943049C2A60F3073236E22AE\">Topping ph\u00f4 mai (mua th\u00eam)<\/a><\/strong>\u00a0l\u00e0 m\u00f3n \u0103n v\u1eb7t h\u1ea5p d\u1eabn v\u1edbi s\u1ef1 k\u1ebft h\u1ee3p gi\u1eefa b\u00e1nh tr\u00e1ng dai gi\u00f2n v\u00e0 l\u1edbp ph\u00f4 mai b\u00e9o ng\u1eady. \u0110\u00e2y l\u00e0 l\u1ef1a ch\u1ecdn ho\u00e0n h\u1ea3o cho nh\u1eefng ai th\u00edch v\u1ecb \u0111\u1eadm \u0111\u00e0, d\u1ec5 \u0103n v\u00e0 ti\u1ec7n l\u1ee3i.<\/p>\n<hr data-start=\"397\" data-end=\"400\" \/>\n<h2 data-section-id=\"ocijou\" data-start=\"402\" data-end=\"423\">\u2b50 \u0110\u1eb7c \u0111i\u1ec3m n\u1ed5i b\u1eadt<\/h2>\n<p data-start=\"425\" data-end=\"519\">\ud83d\udc49 <strong data-start=\"428\" data-end=\"457\">B\u00e1nh tr\u00e1ng ch\u1ea5t l\u01b0\u1ee3ng cao<\/strong><br data-start=\"457\" data-end=\"460\" \/>Dai m\u1ec1m v\u1eeba ph\u1ea3i, kh\u00f4ng qu\u00e1 kh\u00f4, gi\u1eef \u0111\u01b0\u1ee3c \u0111\u1ed9 ngon t\u1ef1 nhi\u00ean.<\/p>\n<p data-start=\"521\" data-end=\"599\">\ud83d\udc49 <strong data-start=\"524\" data-end=\"544\">Ph\u00f4 mai b\u00e9o th\u01a1m<\/strong><br data-start=\"544\" data-end=\"547\" \/>T\u1ea1o v\u1ecb b\u00e9o nh\u1eb9, \u0103n kh\u00f4ng ng\u00e1n, c\u1ef1c k\u1ef3 \u201cb\u1eaft mi\u1ec7ng\u201d \ud83d\ude0f<\/p>\n<p data-start=\"601\" data-end=\"663\">\ud83d\udc49 <strong data-start=\"604\" data-end=\"622\">Gia v\u1ecb h\u00e0i h\u00f2a<\/strong><br data-start=\"622\" data-end=\"625\" \/>K\u1ebft h\u1ee3p v\u1eeba \u0111\u1ee7, kh\u00f4ng qu\u00e1 m\u1eb7n hay cay.<\/p>\n<p data-start=\"665\" data-end=\"729\">\ud83d\udc49 <strong data-start=\"668\" data-end=\"687\">\u0110\u1ea3m b\u1ea3o an to\u00e0n<\/strong><br data-start=\"687\" data-end=\"690\" \/>Nguy\u00ean li\u1ec7u ch\u1ecdn l\u1ecdc, s\u1ea3n xu\u1ea5t s\u1ea1ch s\u1ebd.<\/p>\n<hr data-start=\"731\" data-end=\"734\" \/>\n<h2 data-section-id=\"xx5e2a\" data-start=\"736\" data-end=\"771\">\ud83d\udd25 V\u00ec sao n\u00ean ch\u1ecdn s\u1ea3n ph\u1ea9m n\u00e0y?<\/h2>\n<ul data-start=\"773\" data-end=\"894\">\n<li data-section-id=\"156s4t3\" data-start=\"773\" data-end=\"799\">H\u01b0\u01a1ng v\u1ecb m\u1edbi l\u1ea1, d\u1ec5 \u0103n<\/li>\n<li data-section-id=\"1crsfx8\" data-start=\"800\" data-end=\"829\">\u0110\u00f3ng g\u00f3i h\u0169 250g ti\u1ec7n l\u1ee3i<\/li>\n<li data-section-id=\"1bud0yh\" data-start=\"830\" data-end=\"863\">Ph\u00f9 h\u1ee3p \u0103n v\u1eb7t, t\u1ee5 t\u1eadp b\u1ea1n b\u00e8<\/li>\n<li data-section-id=\"10smqoy\" data-start=\"864\" data-end=\"894\">\u0110\u01b0\u1ee3c nhi\u1ec1u ng\u01b0\u1eddi y\u00eau th\u00edch<\/li>\n<\/ul>\n<p data-start=\"896\" data-end=\"910\">\ud83d\udc49 Xem th\u00eam:<\/p>\n<ul data-start=\"911\" data-end=\"995\">\n<li data-section-id=\"115qduw\" data-start=\"911\" data-end=\"939\">\/banh-trang-tron-toi-phi<\/li>\n<li data-section-id=\"1wziwo1\" data-start=\"940\" data-end=\"967\">\/banh-trang-tron-kho-ga<\/li>\n<li data-section-id=\"1wzlcui\" data-start=\"968\" data-end=\"995\">\/banh-trang-tron-kho-bo<\/li>\n<\/ul>\n<hr data-start=\"997\" data-end=\"1000\" \/>\n<h2 data-section-id=\"pg2z2\" data-start=\"1002\" data-end=\"1025\">\ud83c\udf7d\ufe0f C\u00e1ch th\u01b0\u1edfng th\u1ee9c<\/h2>\n<ul data-start=\"1027\" data-end=\"1110\">\n<li data-section-id=\"xa32jk\" data-start=\"1027\" data-end=\"1053\">\u0102n li\u1ec1n sau khi m\u1edf n\u1eafp<\/li>\n<li data-section-id=\"1mdiq3t\" data-start=\"1054\" data-end=\"1110\">C\u00f3 th\u1ec3 th\u00eam:\n<ul data-start=\"1071\" data-end=\"1110\">\n<li data-section-id=\"wlm5b7\" data-start=\"1071\" data-end=\"1084\">Tr\u1ee9ng c\u00fat<\/li>\n<li data-section-id=\"4kbdea\" data-start=\"1087\" data-end=\"1098\">Rau r\u0103m<\/li>\n<li data-section-id=\"1u60xsh\" data-start=\"1101\" data-end=\"1110\">Sa t\u1ebf<\/li>\n<\/ul>\n<\/li>\n<\/ul>\n<p data-start=\"1112\" data-end=\"1137\">\ud83d\udc49 Gi\u00fap m\u00f3n \u0103n \u0111\u1eadm v\u1ecb h\u01a1n<\/p>\n<hr data-start=\"1139\" data-end=\"1142\" \/>\n<h2 data-section-id=\"jql7qq\" data-start=\"1144\" data-end=\"1157\">\ud83d\udcaa L\u1ee3i \u00edch<\/h2>\n<ul data-start=\"1159\" data-end=\"1284\">\n<li data-section-id=\"1oju8x8\" data-start=\"1159\" data-end=\"1191\">Ti\u1ec7n l\u1ee3i, kh\u00f4ng c\u1ea7n ch\u1ebf bi\u1ebfn<\/li>\n<li data-section-id=\"ysinl5\" data-start=\"1192\" data-end=\"1231\">H\u01b0\u01a1ng v\u1ecb d\u1ec5 \u0103n, ph\u00f9 h\u1ee3p nhi\u1ec1u ng\u01b0\u1eddi<\/li>\n<li data-section-id=\"r8e9xc\" data-start=\"1232\" data-end=\"1284\">Th\u00edch h\u1ee3p cho h\u1ecdc sinh, sinh vi\u00ean, d\u00e2n v\u0103n ph\u00f2ng<\/li>\n<\/ul>\n<p data-start=\"1286\" data-end=\"1340\">\ud83d\udc49 Ph\u00f9 h\u1ee3p \u0103n v\u1eb7t h\u1eb1ng ng\u00e0y ho\u1eb7c mang theo khi \u0111i ch\u01a1i<\/p>\n<hr data-start=\"1342\" data-end=\"1345\" \/>\n<h2 data-section-id=\"1x21myq\" data-start=\"1347\" data-end=\"1361\">\ud83c\udf81 K\u1ebft lu\u1eadn<\/h2>\n<p data-start=\"1363\" data-end=\"1440\">Topping ph\u00f4 mai (mua th\u00eam)<br data-start=\"1403\" data-end=\"1406\" \/>\ud83d\udc49 B\u00e9o \u2013 th\u01a1m \u2013 d\u1ec5 \u0103n \u2013 ti\u1ec7n l\u1ee3i<\/p>\n<p data-start=\"1442\" data-end=\"1483\">\ud83d\udd25 M\u00f3n \u0103n v\u1eb7t \u0111\u01a1n gi\u1ea3n nh\u01b0ng c\u1ef1c k\u1ef3 cu\u1ed1n!<\/p>\n","protected":false},"excerpt":{"rendered":"<p>\ud83e\uddc0 Topping ph\u00f4 mai (mua th\u00eam) \u2013 B\u00e9o ng\u1eady si\u00eau cu\u1ed1n Topping ph\u00f4 mai (mua th\u00eam)\u00a0l\u00e0 m\u00f3n \u0103n v\u1eb7t h\u1ea5p d\u1eabn v\u1edbi s\u1ef1 k\u1ebft h\u1ee3p gi\u1eefa b\u00e1nh tr\u00e1ng dai gi\u00f2n v\u00e0 l\u1edbp ph\u00f4 mai b\u00e9o ng\u1eady. \u0110\u00e2y l\u00e0 l\u1ef1a ch\u1ecdn ho\u00e0n h\u1ea3o cho nh\u1eefng ai th\u00edch v\u1ecb \u0111\u1eadm \u0111\u00e0, d\u1ec5 \u0103n v\u00e0 ti\u1ec7n l\u1ee3i. \u2b50 [&#8230;]\n","protected":false},"featured_media":466,"comment_status":"open","ping_status":"closed","template":"","meta":[],"product_brand":[],"product_cat":[43],"product_tag":[],"class_list":{"0":"post-464","1":"product","2":"type-product","3":"status-publish","4":"has-post-thumbnail","6":"product_cat-topping","8":"first","9":"instock","10":"sale","11":"shipping-taxable","12":"purchasable","13":"product-type-variable"},"yoast_head":"<!-- This site is optimized with the Yoast SEO plugin v27.0 - https:\/\/yoast.com\/product\/yoast-seo-wordpress\/ -->\n<title>Topping ph\u00f4 mai (mua th\u00eam) b\u00e9o th\u01a1m \u0111\u1eadm v\u1ecb T\u00e2y Ninh<\/title>\n<meta name=\"description\" content=\"Topping ph\u00f4 mai (mua th\u00eam) b\u00e9o th\u01a1m, dai m\u1ec1m, \u0111\u1eadm v\u1ecb h\u1ea5p d\u1eabn. M\u00f3n \u0103n v\u1eb7t ti\u1ec7n l\u1ee3i, d\u1ec5 \u0103n, ph\u00f9 h\u1ee3p h\u1ecdc sinh, sinh vi\u00ean v\u00e0 d\u00e2n v\u0103n ph\u00f2ng.\" \/>\n<meta name=\"robots\" content=\"index, follow, max-snippet:-1, max-image-preview:large, max-video-preview:-1\" \/>\n<link rel=\"canonical\" href=\"https:\/\/xn--trngiaminh-bl3e.azdigi.shop\/?product=banh-trang-tron-pho-mai\" \/>\n<meta property=\"og:locale\" content=\"vi_VN\" \/>\n<meta property=\"og:type\" content=\"article\" \/>\n<meta property=\"og:title\" content=\"Topping ph\u00f4 mai (mua th\u00eam) b\u00e9o th\u01a1m \u0111\u1eadm v\u1ecb T\u00e2y Ninh\" \/>\n<meta property=\"og:description\" content=\"Topping ph\u00f4 mai (mua th\u00eam) b\u00e9o th\u01a1m, dai m\u1ec1m, \u0111\u1eadm v\u1ecb h\u1ea5p d\u1eabn. M\u00f3n \u0103n v\u1eb7t ti\u1ec7n l\u1ee3i, d\u1ec5 \u0103n, ph\u00f9 h\u1ee3p h\u1ecdc sinh, sinh vi\u00ean v\u00e0 d\u00e2n v\u0103n ph\u00f2ng.\" \/>\n<meta property=\"og:url\" content=\"https:\/\/xn--trngiaminh-bl3e.azdigi.shop\/?product=banh-trang-tron-pho-mai\" \/>\n<meta property=\"og:site_name\" content=\"banhtrang\" \/>\n<meta property=\"article:modified_time\" content=\"2026-04-23T17:04:18+00:00\" \/>\n<meta property=\"og:image\" content=\"https:\/\/xn--trngiaminh-bl3e.azdigi.shop\/wp-content\/uploads\/2026\/04\/Gemini_Generated_Image_vdma3bvdma3bvdma-1021x1024.png\" \/>\n\t<meta property=\"og:image:width\" content=\"1021\" \/>\n\t<meta property=\"og:image:height\" content=\"1024\" \/>\n\t<meta property=\"og:image:type\" content=\"image\/png\" \/>\n<meta name=\"twitter:card\" content=\"summary_large_image\" \/>\n<meta name=\"twitter:label1\" content=\"\u01af\u1edbc t\u00ednh th\u1eddi gian \u0111\u1ecdc\" \/>\n\t<meta name=\"twitter:data1\" content=\"2 ph\u00fat\" \/>\n<script type=\"application\/ld+json\" class=\"yoast-schema-graph\">{\"@context\":\"https:\/\/schema.org\",\"@graph\":[{\"@type\":\"WebPage\",\"@id\":\"https:\/\/xn--trngiaminh-bl3e.azdigi.shop\/?product=banh-trang-tron-pho-mai\",\"url\":\"https:\/\/xn--trngiaminh-bl3e.azdigi.shop\/?product=banh-trang-tron-pho-mai\",\"name\":\"Topping ph\u00f4 mai (mua th\u00eam) b\u00e9o th\u01a1m \u0111\u1eadm v\u1ecb T\u00e2y Ninh\",\"isPartOf\":{\"@id\":\"https:\/\/xn--trngiaminh-bl3e.azdigi.shop\/#website\"},\"primaryImageOfPage\":{\"@id\":\"https:\/\/xn--trngiaminh-bl3e.azdigi.shop\/?product=banh-trang-tron-pho-mai#primaryimage\"},\"image\":{\"@id\":\"https:\/\/xn--trngiaminh-bl3e.azdigi.shop\/?product=banh-trang-tron-pho-mai#primaryimage\"},\"thumbnailUrl\":\"https:\/\/xn--trngiaminh-bl3e.azdigi.shop\/wp-content\/uploads\/2026\/04\/Gemini_Generated_Image_vdma3bvdma3bvdma.png\",\"datePublished\":\"2026-04-11T20:49:52+00:00\",\"dateModified\":\"2026-04-23T17:04:18+00:00\",\"description\":\"Topping ph\u00f4 mai (mua th\u00eam) b\u00e9o th\u01a1m, dai m\u1ec1m, \u0111\u1eadm v\u1ecb h\u1ea5p d\u1eabn. M\u00f3n \u0103n v\u1eb7t ti\u1ec7n l\u1ee3i, d\u1ec5 \u0103n, ph\u00f9 h\u1ee3p h\u1ecdc sinh, sinh vi\u00ean v\u00e0 d\u00e2n v\u0103n ph\u00f2ng.\",\"breadcrumb\":{\"@id\":\"https:\/\/xn--trngiaminh-bl3e.azdigi.shop\/?product=banh-trang-tron-pho-mai#breadcrumb\"},\"inLanguage\":\"vi\",\"potentialAction\":[{\"@type\":\"ReadAction\",\"target\":[\"https:\/\/xn--trngiaminh-bl3e.azdigi.shop\/?product=banh-trang-tron-pho-mai\"]}]},{\"@type\":\"ImageObject\",\"inLanguage\":\"vi\",\"@id\":\"https:\/\/xn--trngiaminh-bl3e.azdigi.shop\/?product=banh-trang-tron-pho-mai#primaryimage\",\"url\":\"https:\/\/xn--trngiaminh-bl3e.azdigi.shop\/wp-content\/uploads\/2026\/04\/Gemini_Generated_Image_vdma3bvdma3bvdma.png\",\"contentUrl\":\"https:\/\/xn--trngiaminh-bl3e.azdigi.shop\/wp-content\/uploads\/2026\/04\/Gemini_Generated_Image_vdma3bvdma3bvdma.png\",\"width\":1024,\"height\":1027},{\"@type\":\"BreadcrumbList\",\"@id\":\"https:\/\/xn--trngiaminh-bl3e.azdigi.shop\/?product=banh-trang-tron-pho-mai#breadcrumb\",\"itemListElement\":[{\"@type\":\"ListItem\",\"position\":1,\"name\":\"Trang ch\u1ee7\",\"item\":\"https:\/\/xn--trngiaminh-bl3e.azdigi.shop\/\"},{\"@type\":\"ListItem\",\"position\":2,\"name\":\"C\u1eeda h\u00e0ng\",\"item\":\"https:\/\/xn--trngiaminh-bl3e.azdigi.shop\/?page_id=220\"},{\"@type\":\"ListItem\",\"position\":3,\"name\":\"Topping ph\u00f4 mai (mua th\u00eam)\"}]},{\"@type\":\"WebSite\",\"@id\":\"https:\/\/xn--trngiaminh-bl3e.azdigi.shop\/#website\",\"url\":\"https:\/\/xn--trngiaminh-bl3e.azdigi.shop\/\",\"name\":\"banhtrang\",\"description\":\"Mua \u0110i \u0110\u1eebng Ng\u1ea1i\",\"potentialAction\":[{\"@type\":\"SearchAction\",\"target\":{\"@type\":\"EntryPoint\",\"urlTemplate\":\"https:\/\/xn--trngiaminh-bl3e.azdigi.shop\/?s={search_term_string}\"},\"query-input\":{\"@type\":\"PropertyValueSpecification\",\"valueRequired\":true,\"valueName\":\"search_term_string\"}}],\"inLanguage\":\"vi\"}]}<\/script>\n<!-- \/ Yoast SEO plugin. -->","yoast_head_json":{"title":"Topping ph\u00f4 mai (mua th\u00eam) b\u00e9o th\u01a1m \u0111\u1eadm v\u1ecb T\u00e2y Ninh","description":"Topping ph\u00f4 mai (mua th\u00eam) b\u00e9o th\u01a1m, dai m\u1ec1m, \u0111\u1eadm v\u1ecb h\u1ea5p d\u1eabn. M\u00f3n \u0103n v\u1eb7t ti\u1ec7n l\u1ee3i, d\u1ec5 \u0103n, ph\u00f9 h\u1ee3p h\u1ecdc sinh, sinh vi\u00ean v\u00e0 d\u00e2n v\u0103n ph\u00f2ng.","robots":{"index":"index","follow":"follow","max-snippet":"max-snippet:-1","max-image-preview":"max-image-preview:large","max-video-preview":"max-video-preview:-1"},"canonical":"https:\/\/xn--trngiaminh-bl3e.azdigi.shop\/?product=banh-trang-tron-pho-mai","og_locale":"vi_VN","og_type":"article","og_title":"Topping ph\u00f4 mai (mua th\u00eam) b\u00e9o th\u01a1m \u0111\u1eadm v\u1ecb T\u00e2y Ninh","og_description":"Topping ph\u00f4 mai (mua th\u00eam) b\u00e9o th\u01a1m, dai m\u1ec1m, \u0111\u1eadm v\u1ecb h\u1ea5p d\u1eabn. M\u00f3n \u0103n v\u1eb7t ti\u1ec7n l\u1ee3i, d\u1ec5 \u0103n, ph\u00f9 h\u1ee3p h\u1ecdc sinh, sinh vi\u00ean v\u00e0 d\u00e2n v\u0103n ph\u00f2ng.","og_url":"https:\/\/xn--trngiaminh-bl3e.azdigi.shop\/?product=banh-trang-tron-pho-mai","og_site_name":"banhtrang","article_modified_time":"2026-04-23T17:04:18+00:00","og_image":[{"width":1021,"height":1024,"url":"https:\/\/xn--trngiaminh-bl3e.azdigi.shop\/wp-content\/uploads\/2026\/04\/Gemini_Generated_Image_vdma3bvdma3bvdma-1021x1024.png","type":"image\/png"}],"twitter_card":"summary_large_image","twitter_misc":{"\u01af\u1edbc t\u00ednh th\u1eddi gian \u0111\u1ecdc":"2 ph\u00fat"},"schema":{"@context":"https:\/\/schema.org","@graph":[{"@type":"WebPage","@id":"https:\/\/xn--trngiaminh-bl3e.azdigi.shop\/?product=banh-trang-tron-pho-mai","url":"https:\/\/xn--trngiaminh-bl3e.azdigi.shop\/?product=banh-trang-tron-pho-mai","name":"Topping ph\u00f4 mai (mua th\u00eam) b\u00e9o th\u01a1m \u0111\u1eadm v\u1ecb T\u00e2y Ninh","isPartOf":{"@id":"https:\/\/xn--trngiaminh-bl3e.azdigi.shop\/#website"},"primaryImageOfPage":{"@id":"https:\/\/xn--trngiaminh-bl3e.azdigi.shop\/?product=banh-trang-tron-pho-mai#primaryimage"},"image":{"@id":"https:\/\/xn--trngiaminh-bl3e.azdigi.shop\/?product=banh-trang-tron-pho-mai#primaryimage"},"thumbnailUrl":"https:\/\/xn--trngiaminh-bl3e.azdigi.shop\/wp-content\/uploads\/2026\/04\/Gemini_Generated_Image_vdma3bvdma3bvdma.png","datePublished":"2026-04-11T20:49:52+00:00","dateModified":"2026-04-23T17:04:18+00:00","description":"Topping ph\u00f4 mai (mua th\u00eam) b\u00e9o th\u01a1m, dai m\u1ec1m, \u0111\u1eadm v\u1ecb h\u1ea5p d\u1eabn. M\u00f3n \u0103n v\u1eb7t ti\u1ec7n l\u1ee3i, d\u1ec5 \u0103n, ph\u00f9 h\u1ee3p h\u1ecdc sinh, sinh vi\u00ean v\u00e0 d\u00e2n v\u0103n ph\u00f2ng.","breadcrumb":{"@id":"https:\/\/xn--trngiaminh-bl3e.azdigi.shop\/?product=banh-trang-tron-pho-mai#breadcrumb"},"inLanguage":"vi","potentialAction":[{"@type":"ReadAction","target":["https:\/\/xn--trngiaminh-bl3e.azdigi.shop\/?product=banh-trang-tron-pho-mai"]}]},{"@type":"ImageObject","inLanguage":"vi","@id":"https:\/\/xn--trngiaminh-bl3e.azdigi.shop\/?product=banh-trang-tron-pho-mai#primaryimage","url":"https:\/\/xn--trngiaminh-bl3e.azdigi.shop\/wp-content\/uploads\/2026\/04\/Gemini_Generated_Image_vdma3bvdma3bvdma.png","contentUrl":"https:\/\/xn--trngiaminh-bl3e.azdigi.shop\/wp-content\/uploads\/2026\/04\/Gemini_Generated_Image_vdma3bvdma3bvdma.png","width":1024,"height":1027},{"@type":"BreadcrumbList","@id":"https:\/\/xn--trngiaminh-bl3e.azdigi.shop\/?product=banh-trang-tron-pho-mai#breadcrumb","itemListElement":[{"@type":"ListItem","position":1,"name":"Trang ch\u1ee7","item":"https:\/\/xn--trngiaminh-bl3e.azdigi.shop\/"},{"@type":"ListItem","position":2,"name":"C\u1eeda h\u00e0ng","item":"https:\/\/xn--trngiaminh-bl3e.azdigi.shop\/?page_id=220"},{"@type":"ListItem","position":3,"name":"Topping ph\u00f4 mai (mua th\u00eam)"}]},{"@type":"WebSite","@id":"https:\/\/xn--trngiaminh-bl3e.azdigi.shop\/#website","url":"https:\/\/xn--trngiaminh-bl3e.azdigi.shop\/","name":"banhtrang","description":"Mua \u0110i \u0110\u1eebng Ng\u1ea1i","potentialAction":[{"@type":"SearchAction","target":{"@type":"EntryPoint","urlTemplate":"https:\/\/xn--trngiaminh-bl3e.azdigi.shop\/?s={search_term_string}"},"query-input":{"@type":"PropertyValueSpecification","valueRequired":true,"valueName":"search_term_string"}}],"inLanguage":"vi"}]}},"_links":{"self":[{"href":"https:\/\/xn--trngiaminh-bl3e.azdigi.shop\/index.php?rest_route=\/wp\/v2\/product\/464","targetHints":{"allow":["GET"]}}],"collection":[{"href":"https:\/\/xn--trngiaminh-bl3e.azdigi.shop\/index.php?rest_route=\/wp\/v2\/product"}],"about":[{"href":"https:\/\/xn--trngiaminh-bl3e.azdigi.shop\/index.php?rest_route=\/wp\/v2\/types\/product"}],"replies":[{"embeddable":true,"href":"https:\/\/xn--trngiaminh-bl3e.azdigi.shop\/index.php?rest_route=%2Fwp%2Fv2%2Fcomments&post=464"}],"wp:featuredmedia":[{"embeddable":true,"href":"https:\/\/xn--trngiaminh-bl3e.azdigi.shop\/index.php?rest_route=\/wp\/v2\/media\/466"}],"wp:attachment":[{"href":"https:\/\/xn--trngiaminh-bl3e.azdigi.shop\/index.php?rest_route=%2Fwp%2Fv2%2Fmedia&parent=464"}],"wp:term":[{"taxonomy":"product_brand","embeddable":true,"href":"https:\/\/xn--trngiaminh-bl3e.azdigi.shop\/index.php?rest_route=%2Fwp%2Fv2%2Fproduct_brand&post=464"},{"taxonomy":"product_cat","embeddable":true,"href":"https:\/\/xn--trngiaminh-bl3e.azdigi.shop\/index.php?rest_route=%2Fwp%2Fv2%2Fproduct_cat&post=464"},{"taxonomy":"product_tag","embeddable":true,"href":"https:\/\/xn--trngiaminh-bl3e.azdigi.shop\/index.php?rest_route=%2Fwp%2Fv2%2Fproduct_tag&post=464"}],"curies":[{"name":"wp","href":"https:\/\/api.w.org\/{rel}","templated":true}]}}