{"id":368,"date":"2026-04-11T18:43:19","date_gmt":"2026-04-11T18:43:19","guid":{"rendered":"https:\/\/xn--trngiaminh-bl3e.azdigi.shop\/?post_type=product&#038;p=368"},"modified":"2026-04-22T15:33:40","modified_gmt":"2026-04-22T15:33:40","slug":"banh-trang-bo-combo-01","status":"publish","type":"product","link":"https:\/\/xn--trngiaminh-bl3e.azdigi.shop\/?product=banh-trang-bo-combo-01","title":{"rendered":"B\u00e1nh Tr\u00e1ng B\u01a1 COMBO \u0110\u1eb6C BI\u1ec6T L\u00e0m T\u1eeb B\u00e1nh Tr\u00e1ng Ph\u01a1i S\u01b0\u01a1ng Cao C\u1ea5p Th\u01b0\u01a1ng Hi\u1ec7u B\u00e1nh Tr\u00e1ng Gia B\u1ea3o"},"content":{"rendered":"<h2 data-section-id=\"13liy45\" data-start=\"93\" data-end=\"159\">COMBO \u0110\u1eb6C BI\u1ec6T 1 NG\u01af\u1edcI \u0102N\u00a0\u2013 GIA B\u1ea2O | \u0102N V\u1eb6T B\u00c9O NG\u1eacY SI\u00caU CU\u1ed0N<\/h2>\n<p data-start=\"161\" data-end=\"436\"><strong data-start=\"161\" data-end=\"187\">COMBO \u0110\u1eb6C BI\u1ec6T\u00a0 <a href=\"https:\/\/www.bing.com\/search?q=b\u00e1nh%20tr\u00e1ng%20wiki&amp;qs=n&amp;form=QBRE&amp;sp=-1&amp;ghc=1&amp;lq=0&amp;pq=b\u00e1nh%20tr\u00e1ng%20wik&amp;sc=12-14&amp;sk=&amp;cvid=CCCB9A30943049C2A60F3073236E22AE\">B\u00e1nh Tr\u00e1ng<\/a> b\u01a1 1 NG\u01af\u1edcI \u0102N<\/strong>\u00a0c\u1ee7a <strong data-start=\"192\" data-end=\"203\">Gia B\u1ea3o<\/strong> l\u00e0 m\u00f3n \u0103n v\u1eb7t hot hit v\u1edbi s\u1ef1 k\u1ebft h\u1ee3p gi\u1eefa <strong data-start=\"246\" data-end=\"279\">b\u00e1nh tr\u00e1ng ph\u01a1i s\u01b0\u01a1ng d\u1ebbo m\u1ec1m<\/strong> v\u00e0 <strong data-start=\"283\" data-end=\"302\">s\u1ed1t b\u01a1 b\u00e9o th\u01a1m<\/strong>, t\u1ea1o n\u00ean h\u01b0\u01a1ng v\u1ecb c\u1ef1c k\u1ef3 cu\u1ed1n. N\u1ebfu b\u1ea1n \u0111ang t\u00ecm m\u1ed9t m\u00f3n <strong data-start=\"359\" data-end=\"401\">b\u00e1nh tr\u00e1ng b\u01a1 ngon \u2013 ti\u1ec7n \u2013 ch\u1ea5t l\u01b0\u1ee3ng<\/strong>, \u0111\u00e2y l\u00e0 l\u1ef1a ch\u1ecdn kh\u00f4ng th\u1ec3 b\u1ecf qua.<\/p>\n<hr data-start=\"438\" data-end=\"441\" \/>\n<h2 data-section-id=\"19pbkg4\" data-start=\"443\" data-end=\"477\">\u2b50 B\u00c1NH TR\u00c1NG B\u01a0 C\u00d3 G\u00cc \u0110\u1eb6C BI\u1ec6T?<\/h2>\n<p data-start=\"479\" data-end=\"563\">\ud83d\udc49 <strong data-start=\"482\" data-end=\"515\">B\u00e1nh tr\u00e1ng ph\u01a1i s\u01b0\u01a1ng cao c\u1ea5p<\/strong><br data-start=\"515\" data-end=\"518\" \/>D\u1ebbo m\u1ec1m, kh\u00f4ng kh\u00f4, gi\u1eef \u0111\u01b0\u1ee3c \u0111\u1ed9 dai t\u1ef1 nhi\u00ean.<\/p>\n<p data-start=\"565\" data-end=\"635\">\ud83d\udc49 <strong data-start=\"568\" data-end=\"585\">S\u1ed1t b\u01a1 \u0111\u1eadm \u0111\u00e0<\/strong><br data-start=\"585\" data-end=\"588\" \/>B\u00e9o th\u01a1m, h\u00f2a quy\u1ec7n ho\u00e0n h\u1ea3o v\u1edbi b\u00e1nh tr\u00e1ng b\u01a1.<\/p>\n<p data-start=\"637\" data-end=\"712\">\ud83d\udc49 <strong data-start=\"640\" data-end=\"670\">Nguy\u00ean li\u1ec7u s\u1ea1ch \u2013 an to\u00e0n<\/strong><br data-start=\"670\" data-end=\"673\" \/>Ch\u1ecdn l\u1ecdc k\u1ef9, \u0111\u1ea3m b\u1ea3o v\u1ec7 sinh th\u1ef1c ph\u1ea9m.<\/p>\n<p data-start=\"714\" data-end=\"767\">\ud83d\udc49 <strong data-start=\"717\" data-end=\"740\">H\u01b0\u01a1ng v\u1ecb g\u00e2y nghi\u1ec7n<\/strong><br data-start=\"740\" data-end=\"743\" \/>\u0102n m\u1ed9t l\u1ea7n l\u00e0 nh\u1edb m\u00e3i \ud83d\ude0f<\/p>\n<hr data-start=\"769\" data-end=\"772\" \/>\n<h2 data-section-id=\"18qpwiw\" data-start=\"774\" data-end=\"819\">\ud83d\udd25 T\u1ea0I SAO N\u00caN CH\u1eccN B\u00c1NH TR\u00c1NG B\u01a0 GIA B\u1ea2O?<\/h2>\n<ul data-start=\"821\" data-end=\"968\">\n<li data-section-id=\"19uvki2\" data-start=\"821\" data-end=\"860\"><strong data-start=\"823\" data-end=\"858\">B\u00e1nh tr\u00e1ng b\u01a1 chu\u1ea9n v\u1ecb T\u00e2y Ninh<\/strong><\/li>\n<li data-section-id=\"1e5e15f\" data-start=\"861\" data-end=\"896\">\u0110\u00f3ng g\u00f3i ti\u1ec7n l\u1ee3i, d\u1ec5 mang theo<\/li>\n<li data-section-id=\"pmymta\" data-start=\"897\" data-end=\"933\">Ph\u00f9 h\u1ee3p \u0103n v\u1eb7t, t\u1ee5 t\u1eadp, xem phim<\/li>\n<li data-section-id=\"15w21f3\" data-start=\"934\" data-end=\"968\">\u0110\u01b0\u1ee3c nhi\u1ec1u kh\u00e1ch h\u00e0ng l\u1ef1a ch\u1ecdn<\/li>\n<\/ul>\n<p data-start=\"970\" data-end=\"1020\">\ud83d\udc49 \u0110\u00e2y l\u00e0 d\u00f2ng <strong data-start=\"985\" data-end=\"1011\">b\u00e1nh tr\u00e1ng b\u01a1 b\u00e1n ch\u1ea1y<\/strong> t\u1ea1i shop<\/p>\n<hr data-start=\"1022\" data-end=\"1025\" \/>\n<h2 data-section-id=\"1qyllpd\" data-start=\"1027\" data-end=\"1067\">\ud83c\udf7d\ufe0f C\u00c1CH D\u00d9NG B\u00c1NH TR\u00c1NG B\u01a0 NGON NH\u1ea4T<\/h2>\n<ul data-start=\"1069\" data-end=\"1159\">\n<li data-section-id=\"s9p7py\" data-start=\"1069\" data-end=\"1095\">\u0102n li\u1ec1n sau khi m\u1edf t\u00fai<\/li>\n<li data-section-id=\"1prugau\" data-start=\"1096\" data-end=\"1159\">Ngon h\u01a1n khi th\u00eam:\n<ul data-start=\"1119\" data-end=\"1159\">\n<li data-section-id=\"wlm5b7\" data-start=\"1119\" data-end=\"1132\">Tr\u1ee9ng c\u00fat<\/li>\n<li data-section-id=\"uqcf87\" data-start=\"1135\" data-end=\"1147\">H\u00e0nh phi<\/li>\n<li data-section-id=\"1u60xsh\" data-start=\"1150\" data-end=\"1159\">Sa t\u1ebf<\/li>\n<\/ul>\n<\/li>\n<\/ul>\n<p data-start=\"1161\" data-end=\"1198\">\ud83d\udc49 C\u00f3 th\u1ec3 \u0103n l\u1ea1nh nh\u1eb9 \u0111\u1ec3 t\u0103ng \u0111\u1ed9 ngon<\/p>\n<hr data-start=\"1200\" data-end=\"1203\" \/>\n<h2 data-section-id=\"greo8y\" data-start=\"1205\" data-end=\"1224\">\ud83d\udd17 KH\u00c1M PH\u00c1 TH\u00caM<\/h2>\n<ul data-start=\"1226\" data-end=\"1371\">\n<li data-section-id=\"15iide7\" data-start=\"1226\" data-end=\"1252\">Combo 03 b\u00e1nh tr\u00e1ng b\u01a1<\/li>\n<li data-section-id=\"k7jids\" data-start=\"1253\" data-end=\"1281\">B\u00e1nh tr\u00e1ng b\u01a1 t\u00f4m ng\u0169 v\u1ecb<\/li>\n<li data-section-id=\"1tw66ia\" data-start=\"1282\" data-end=\"1371\">B\u00e1nh tr\u00e1ng si\u00eau cay<br data-start=\"1303\" data-end=\"1306\" \/>\ud83d\udc49 Xem th\u00eam c\u00e1c s\u1ea3n ph\u1ea9m kh\u00e1c c\u1ee7a <strong data-start=\"1340\" data-end=\"1351\">Gia B\u1ea3o<\/strong> \u0111\u1ec3 l\u1ef1a ch\u1ecdn ph\u00f9 h\u1ee3p<\/li>\n<\/ul>\n<hr data-start=\"1373\" data-end=\"1376\" \/>\n<h2 data-section-id=\"g8e7q4\" data-start=\"1378\" data-end=\"1412\">\ud83d\udcaa L\u1ee2I \u00cdCH KHI \u0102N B\u00c1NH TR\u00c1NG B\u01a0<\/h2>\n<ul data-start=\"1414\" data-end=\"1496\">\n<li data-section-id=\"1grqtc3\" data-start=\"1414\" data-end=\"1442\">B\u1ed5 sung n\u0103ng l\u01b0\u1ee3ng nhanh<\/li>\n<li data-section-id=\"8nj8uo\" data-start=\"1443\" data-end=\"1471\">\u0102n vui mi\u1ec7ng, kh\u00f4ng ng\u00e1n<\/li>\n<li data-section-id=\"3634gy\" data-start=\"1472\" data-end=\"1496\">Ph\u00f9 h\u1ee3p m\u1ecdi l\u1ee9a tu\u1ed5i<\/li>\n<\/ul>\n<hr data-start=\"1498\" data-end=\"1501\" \/>\n<h2 data-section-id=\"1elftya\" data-start=\"1503\" data-end=\"1517\">\ud83c\udf81 K\u1ebeT LU\u1eacN<\/h2>\n<p data-start=\"1519\" data-end=\"1592\"><strong data-start=\"1519\" data-end=\"1555\">B\u00e1nh tr\u00e1ng b\u01a1 Combo 01 \u2013 Gia B\u1ea3o<\/strong><br data-start=\"1555\" data-end=\"1558\" \/>\ud83d\udc49 B\u00e9o \u2013 d\u1ebbo \u2013 \u0111\u1eadm v\u1ecb \u2013 c\u1ef1c cu\u1ed1n<\/p>\n<p data-start=\"1594\" data-end=\"1660\">\ud83d\udd25 N\u1ebfu b\u1ea1n l\u00e0 t\u00edn \u0111\u1ed3 \u0103n v\u1eb7t, <strong data-start=\"1623\" data-end=\"1640\">b\u00e1nh tr\u00e1ng b\u01a1<\/strong> ch\u1eafc ch\u1eafn ph\u1ea3i th\u1eed!<\/p>\n","protected":false},"excerpt":{"rendered":"<p>COMBO \u0110\u1eb6C BI\u1ec6T 1 NG\u01af\u1edcI \u0102N\u00a0\u2013 GIA B\u1ea2O | \u0102N V\u1eb6T B\u00c9O NG\u1eacY SI\u00caU CU\u1ed0N COMBO \u0110\u1eb6C BI\u1ec6T\u00a0 B\u00e1nh Tr\u00e1ng b\u01a1 1 NG\u01af\u1edcI \u0102N\u00a0c\u1ee7a Gia B\u1ea3o l\u00e0 m\u00f3n \u0103n v\u1eb7t hot hit v\u1edbi s\u1ef1 k\u1ebft h\u1ee3p gi\u1eefa b\u00e1nh tr\u00e1ng ph\u01a1i s\u01b0\u01a1ng d\u1ebbo m\u1ec1m v\u00e0 s\u1ed1t b\u01a1 b\u00e9o th\u01a1m, t\u1ea1o n\u00ean h\u01b0\u01a1ng v\u1ecb c\u1ef1c k\u1ef3 cu\u1ed1n. [&#8230;]\n","protected":false},"featured_media":997,"comment_status":"open","ping_status":"closed","template":"","meta":[],"product_brand":[],"product_cat":[29],"product_tag":[],"class_list":{"0":"post-368","1":"product","2":"type-product","3":"status-publish","4":"has-post-thumbnail","6":"product_cat-chua-phan-loai","8":"first","9":"instock","10":"sale","11":"shipping-taxable","12":"purchasable","13":"product-type-variable"},"yoast_head":"<!-- This site is optimized with the Yoast SEO plugin v27.0 - https:\/\/yoast.com\/product\/yoast-seo-wordpress\/ -->\n<title>B\u00e1nh tr\u00e1ng b\u01a1 COMBO \u0111\u1eb7c bi\u1ec7t si\u00eau b\u00e9o c\u1ef1c ngon l\u00e0m t\u1eeb Gia B\u1ea3o<\/title>\n<meta name=\"description\" content=\"B\u00e1nh tr\u00e1ng b\u01a1 Gia B\u1ea3o COMBO \u0110\u1eb6C BI\u1ec6T b\u00e9o th\u01a1m, d\u1ebbo m\u1ec1m chu\u1ea9n v\u1ecb T\u00e2y Ninh. M\u00f3n \u0103n v\u1eb7t ti\u1ec7n l\u1ee3i, ch\u1ea5t l\u01b0\u1ee3ng, \u0103n l\u00e0 ghi\u1ec1n. \u0110\u1eb7t mua ngay h\u00f4m nay!\" \/>\n<meta name=\"robots\" content=\"index, follow, max-snippet:-1, max-image-preview:large, max-video-preview:-1\" \/>\n<link rel=\"canonical\" href=\"https:\/\/xn--trngiaminh-bl3e.azdigi.shop\/?product=banh-trang-bo-combo-01\" \/>\n<meta property=\"og:locale\" content=\"vi_VN\" \/>\n<meta property=\"og:type\" content=\"article\" \/>\n<meta property=\"og:title\" content=\"B\u00e1nh tr\u00e1ng b\u01a1 COMBO \u0111\u1eb7c bi\u1ec7t si\u00eau b\u00e9o c\u1ef1c ngon l\u00e0m t\u1eeb Gia B\u1ea3o\" \/>\n<meta property=\"og:description\" content=\"B\u00e1nh tr\u00e1ng b\u01a1 Gia B\u1ea3o COMBO \u0110\u1eb6C BI\u1ec6T b\u00e9o th\u01a1m, d\u1ebbo m\u1ec1m chu\u1ea9n v\u1ecb T\u00e2y Ninh. M\u00f3n \u0103n v\u1eb7t ti\u1ec7n l\u1ee3i, ch\u1ea5t l\u01b0\u1ee3ng, \u0103n l\u00e0 ghi\u1ec1n. \u0110\u1eb7t mua ngay h\u00f4m nay!\" \/>\n<meta property=\"og:url\" content=\"https:\/\/xn--trngiaminh-bl3e.azdigi.shop\/?product=banh-trang-bo-combo-01\" \/>\n<meta property=\"og:site_name\" content=\"banhtrang\" \/>\n<meta property=\"article:modified_time\" content=\"2026-04-22T15:33:40+00:00\" \/>\n<meta property=\"og:image\" content=\"https:\/\/xn--trngiaminh-bl3e.azdigi.shop\/wp-content\/uploads\/2026\/04\/ChatGPT-Image-20_54_42-22-thg-4-2026.png\" \/>\n\t<meta property=\"og:image:width\" content=\"1254\" \/>\n\t<meta property=\"og:image:height\" content=\"1254\" \/>\n\t<meta property=\"og:image:type\" content=\"image\/png\" \/>\n<meta name=\"twitter:card\" content=\"summary_large_image\" \/>\n<meta name=\"twitter:label1\" content=\"\u01af\u1edbc t\u00ednh th\u1eddi gian \u0111\u1ecdc\" \/>\n\t<meta name=\"twitter:data1\" content=\"2 ph\u00fat\" \/>\n<script type=\"application\/ld+json\" class=\"yoast-schema-graph\">{\"@context\":\"https:\/\/schema.org\",\"@graph\":[{\"@type\":\"WebPage\",\"@id\":\"https:\/\/xn--trngiaminh-bl3e.azdigi.shop\/?product=banh-trang-bo-combo-01\",\"url\":\"https:\/\/xn--trngiaminh-bl3e.azdigi.shop\/?product=banh-trang-bo-combo-01\",\"name\":\"B\u00e1nh tr\u00e1ng b\u01a1 COMBO \u0111\u1eb7c bi\u1ec7t si\u00eau b\u00e9o c\u1ef1c ngon l\u00e0m t\u1eeb Gia B\u1ea3o\",\"isPartOf\":{\"@id\":\"https:\/\/xn--trngiaminh-bl3e.azdigi.shop\/#website\"},\"primaryImageOfPage\":{\"@id\":\"https:\/\/xn--trngiaminh-bl3e.azdigi.shop\/?product=banh-trang-bo-combo-01#primaryimage\"},\"image\":{\"@id\":\"https:\/\/xn--trngiaminh-bl3e.azdigi.shop\/?product=banh-trang-bo-combo-01#primaryimage\"},\"thumbnailUrl\":\"https:\/\/xn--trngiaminh-bl3e.azdigi.shop\/wp-content\/uploads\/2026\/04\/ChatGPT-Image-20_54_42-22-thg-4-2026.png\",\"datePublished\":\"2026-04-11T18:43:19+00:00\",\"dateModified\":\"2026-04-22T15:33:40+00:00\",\"description\":\"B\u00e1nh tr\u00e1ng b\u01a1 Gia B\u1ea3o COMBO \u0110\u1eb6C BI\u1ec6T b\u00e9o th\u01a1m, d\u1ebbo m\u1ec1m chu\u1ea9n v\u1ecb T\u00e2y Ninh. M\u00f3n \u0103n v\u1eb7t ti\u1ec7n l\u1ee3i, ch\u1ea5t l\u01b0\u1ee3ng, \u0103n l\u00e0 ghi\u1ec1n. \u0110\u1eb7t mua ngay h\u00f4m nay!\",\"breadcrumb\":{\"@id\":\"https:\/\/xn--trngiaminh-bl3e.azdigi.shop\/?product=banh-trang-bo-combo-01#breadcrumb\"},\"inLanguage\":\"vi\",\"potentialAction\":[{\"@type\":\"ReadAction\",\"target\":[\"https:\/\/xn--trngiaminh-bl3e.azdigi.shop\/?product=banh-trang-bo-combo-01\"]}]},{\"@type\":\"ImageObject\",\"inLanguage\":\"vi\",\"@id\":\"https:\/\/xn--trngiaminh-bl3e.azdigi.shop\/?product=banh-trang-bo-combo-01#primaryimage\",\"url\":\"https:\/\/xn--trngiaminh-bl3e.azdigi.shop\/wp-content\/uploads\/2026\/04\/ChatGPT-Image-20_54_42-22-thg-4-2026.png\",\"contentUrl\":\"https:\/\/xn--trngiaminh-bl3e.azdigi.shop\/wp-content\/uploads\/2026\/04\/ChatGPT-Image-20_54_42-22-thg-4-2026.png\",\"width\":1254,\"height\":1254},{\"@type\":\"BreadcrumbList\",\"@id\":\"https:\/\/xn--trngiaminh-bl3e.azdigi.shop\/?product=banh-trang-bo-combo-01#breadcrumb\",\"itemListElement\":[{\"@type\":\"ListItem\",\"position\":1,\"name\":\"Trang ch\u1ee7\",\"item\":\"https:\/\/xn--trngiaminh-bl3e.azdigi.shop\/\"},{\"@type\":\"ListItem\",\"position\":2,\"name\":\"C\u1eeda h\u00e0ng\",\"item\":\"https:\/\/xn--trngiaminh-bl3e.azdigi.shop\/?page_id=220\"},{\"@type\":\"ListItem\",\"position\":3,\"name\":\"B\u00e1nh Tr\u00e1ng B\u01a1 COMBO \u0110\u1eb6C BI\u1ec6T L\u00e0m T\u1eeb B\u00e1nh Tr\u00e1ng Ph\u01a1i S\u01b0\u01a1ng Cao C\u1ea5p Th\u01b0\u01a1ng Hi\u1ec7u B\u00e1nh Tr\u00e1ng Gia B\u1ea3o\"}]},{\"@type\":\"WebSite\",\"@id\":\"https:\/\/xn--trngiaminh-bl3e.azdigi.shop\/#website\",\"url\":\"https:\/\/xn--trngiaminh-bl3e.azdigi.shop\/\",\"name\":\"banhtrang\",\"description\":\"Mua \u0110i \u0110\u1eebng Ng\u1ea1i\",\"potentialAction\":[{\"@type\":\"SearchAction\",\"target\":{\"@type\":\"EntryPoint\",\"urlTemplate\":\"https:\/\/xn--trngiaminh-bl3e.azdigi.shop\/?s={search_term_string}\"},\"query-input\":{\"@type\":\"PropertyValueSpecification\",\"valueRequired\":true,\"valueName\":\"search_term_string\"}}],\"inLanguage\":\"vi\"}]}<\/script>\n<!-- \/ Yoast SEO plugin. -->","yoast_head_json":{"title":"B\u00e1nh tr\u00e1ng b\u01a1 COMBO \u0111\u1eb7c bi\u1ec7t si\u00eau b\u00e9o c\u1ef1c ngon l\u00e0m t\u1eeb Gia B\u1ea3o","description":"B\u00e1nh tr\u00e1ng b\u01a1 Gia B\u1ea3o COMBO \u0110\u1eb6C BI\u1ec6T b\u00e9o th\u01a1m, d\u1ebbo m\u1ec1m chu\u1ea9n v\u1ecb T\u00e2y Ninh. M\u00f3n \u0103n v\u1eb7t ti\u1ec7n l\u1ee3i, ch\u1ea5t l\u01b0\u1ee3ng, \u0103n l\u00e0 ghi\u1ec1n. \u0110\u1eb7t mua ngay h\u00f4m nay!","robots":{"index":"index","follow":"follow","max-snippet":"max-snippet:-1","max-image-preview":"max-image-preview:large","max-video-preview":"max-video-preview:-1"},"canonical":"https:\/\/xn--trngiaminh-bl3e.azdigi.shop\/?product=banh-trang-bo-combo-01","og_locale":"vi_VN","og_type":"article","og_title":"B\u00e1nh tr\u00e1ng b\u01a1 COMBO \u0111\u1eb7c bi\u1ec7t si\u00eau b\u00e9o c\u1ef1c ngon l\u00e0m t\u1eeb Gia B\u1ea3o","og_description":"B\u00e1nh tr\u00e1ng b\u01a1 Gia B\u1ea3o COMBO \u0110\u1eb6C BI\u1ec6T b\u00e9o th\u01a1m, d\u1ebbo m\u1ec1m chu\u1ea9n v\u1ecb T\u00e2y Ninh. M\u00f3n \u0103n v\u1eb7t ti\u1ec7n l\u1ee3i, ch\u1ea5t l\u01b0\u1ee3ng, \u0103n l\u00e0 ghi\u1ec1n. \u0110\u1eb7t mua ngay h\u00f4m nay!","og_url":"https:\/\/xn--trngiaminh-bl3e.azdigi.shop\/?product=banh-trang-bo-combo-01","og_site_name":"banhtrang","article_modified_time":"2026-04-22T15:33:40+00:00","og_image":[{"width":1254,"height":1254,"url":"https:\/\/xn--trngiaminh-bl3e.azdigi.shop\/wp-content\/uploads\/2026\/04\/ChatGPT-Image-20_54_42-22-thg-4-2026.png","type":"image\/png"}],"twitter_card":"summary_large_image","twitter_misc":{"\u01af\u1edbc t\u00ednh th\u1eddi gian \u0111\u1ecdc":"2 ph\u00fat"},"schema":{"@context":"https:\/\/schema.org","@graph":[{"@type":"WebPage","@id":"https:\/\/xn--trngiaminh-bl3e.azdigi.shop\/?product=banh-trang-bo-combo-01","url":"https:\/\/xn--trngiaminh-bl3e.azdigi.shop\/?product=banh-trang-bo-combo-01","name":"B\u00e1nh tr\u00e1ng b\u01a1 COMBO \u0111\u1eb7c bi\u1ec7t si\u00eau b\u00e9o c\u1ef1c ngon l\u00e0m t\u1eeb Gia B\u1ea3o","isPartOf":{"@id":"https:\/\/xn--trngiaminh-bl3e.azdigi.shop\/#website"},"primaryImageOfPage":{"@id":"https:\/\/xn--trngiaminh-bl3e.azdigi.shop\/?product=banh-trang-bo-combo-01#primaryimage"},"image":{"@id":"https:\/\/xn--trngiaminh-bl3e.azdigi.shop\/?product=banh-trang-bo-combo-01#primaryimage"},"thumbnailUrl":"https:\/\/xn--trngiaminh-bl3e.azdigi.shop\/wp-content\/uploads\/2026\/04\/ChatGPT-Image-20_54_42-22-thg-4-2026.png","datePublished":"2026-04-11T18:43:19+00:00","dateModified":"2026-04-22T15:33:40+00:00","description":"B\u00e1nh tr\u00e1ng b\u01a1 Gia B\u1ea3o COMBO \u0110\u1eb6C BI\u1ec6T b\u00e9o th\u01a1m, d\u1ebbo m\u1ec1m chu\u1ea9n v\u1ecb T\u00e2y Ninh. M\u00f3n \u0103n v\u1eb7t ti\u1ec7n l\u1ee3i, ch\u1ea5t l\u01b0\u1ee3ng, \u0103n l\u00e0 ghi\u1ec1n. \u0110\u1eb7t mua ngay h\u00f4m nay!","breadcrumb":{"@id":"https:\/\/xn--trngiaminh-bl3e.azdigi.shop\/?product=banh-trang-bo-combo-01#breadcrumb"},"inLanguage":"vi","potentialAction":[{"@type":"ReadAction","target":["https:\/\/xn--trngiaminh-bl3e.azdigi.shop\/?product=banh-trang-bo-combo-01"]}]},{"@type":"ImageObject","inLanguage":"vi","@id":"https:\/\/xn--trngiaminh-bl3e.azdigi.shop\/?product=banh-trang-bo-combo-01#primaryimage","url":"https:\/\/xn--trngiaminh-bl3e.azdigi.shop\/wp-content\/uploads\/2026\/04\/ChatGPT-Image-20_54_42-22-thg-4-2026.png","contentUrl":"https:\/\/xn--trngiaminh-bl3e.azdigi.shop\/wp-content\/uploads\/2026\/04\/ChatGPT-Image-20_54_42-22-thg-4-2026.png","width":1254,"height":1254},{"@type":"BreadcrumbList","@id":"https:\/\/xn--trngiaminh-bl3e.azdigi.shop\/?product=banh-trang-bo-combo-01#breadcrumb","itemListElement":[{"@type":"ListItem","position":1,"name":"Trang ch\u1ee7","item":"https:\/\/xn--trngiaminh-bl3e.azdigi.shop\/"},{"@type":"ListItem","position":2,"name":"C\u1eeda h\u00e0ng","item":"https:\/\/xn--trngiaminh-bl3e.azdigi.shop\/?page_id=220"},{"@type":"ListItem","position":3,"name":"B\u00e1nh Tr\u00e1ng B\u01a1 COMBO \u0110\u1eb6C BI\u1ec6T L\u00e0m T\u1eeb B\u00e1nh Tr\u00e1ng Ph\u01a1i S\u01b0\u01a1ng Cao C\u1ea5p Th\u01b0\u01a1ng Hi\u1ec7u B\u00e1nh Tr\u00e1ng Gia B\u1ea3o"}]},{"@type":"WebSite","@id":"https:\/\/xn--trngiaminh-bl3e.azdigi.shop\/#website","url":"https:\/\/xn--trngiaminh-bl3e.azdigi.shop\/","name":"banhtrang","description":"Mua \u0110i \u0110\u1eebng Ng\u1ea1i","potentialAction":[{"@type":"SearchAction","target":{"@type":"EntryPoint","urlTemplate":"https:\/\/xn--trngiaminh-bl3e.azdigi.shop\/?s={search_term_string}"},"query-input":{"@type":"PropertyValueSpecification","valueRequired":true,"valueName":"search_term_string"}}],"inLanguage":"vi"}]}},"_links":{"self":[{"href":"https:\/\/xn--trngiaminh-bl3e.azdigi.shop\/index.php?rest_route=\/wp\/v2\/product\/368","targetHints":{"allow":["GET"]}}],"collection":[{"href":"https:\/\/xn--trngiaminh-bl3e.azdigi.shop\/index.php?rest_route=\/wp\/v2\/product"}],"about":[{"href":"https:\/\/xn--trngiaminh-bl3e.azdigi.shop\/index.php?rest_route=\/wp\/v2\/types\/product"}],"replies":[{"embeddable":true,"href":"https:\/\/xn--trngiaminh-bl3e.azdigi.shop\/index.php?rest_route=%2Fwp%2Fv2%2Fcomments&post=368"}],"wp:featuredmedia":[{"embeddable":true,"href":"https:\/\/xn--trngiaminh-bl3e.azdigi.shop\/index.php?rest_route=\/wp\/v2\/media\/997"}],"wp:attachment":[{"href":"https:\/\/xn--trngiaminh-bl3e.azdigi.shop\/index.php?rest_route=%2Fwp%2Fv2%2Fmedia&parent=368"}],"wp:term":[{"taxonomy":"product_brand","embeddable":true,"href":"https:\/\/xn--trngiaminh-bl3e.azdigi.shop\/index.php?rest_route=%2Fwp%2Fv2%2Fproduct_brand&post=368"},{"taxonomy":"product_cat","embeddable":true,"href":"https:\/\/xn--trngiaminh-bl3e.azdigi.shop\/index.php?rest_route=%2Fwp%2Fv2%2Fproduct_cat&post=368"},{"taxonomy":"product_tag","embeddable":true,"href":"https:\/\/xn--trngiaminh-bl3e.azdigi.shop\/index.php?rest_route=%2Fwp%2Fv2%2Fproduct_tag&post=368"}],"curies":[{"name":"wp","href":"https:\/\/api.w.org\/{rel}","templated":true}]}}