{"id":745,"date":"2026-04-19T14:05:11","date_gmt":"2026-04-19T14:05:11","guid":{"rendered":"https:\/\/xn--trngiaminh-bl3e.azdigi.shop\/?page_id=745"},"modified":"2026-04-19T14:05:11","modified_gmt":"2026-04-19T14:05:11","slug":"745-2","status":"publish","type":"page","link":"https:\/\/xn--trngiaminh-bl3e.azdigi.shop\/?page_id=745","title":{"rendered":""},"content":{"rendered":"<header class=\"entry-header\">\n<h1 class=\"entry-title mb uppercase\">Ch\u00ednh s\u00e1ch ki\u1ec3m h\u00e0ng<\/h1>\n<\/header>\n<p>Tr\u01b0\u1edbc khi nh\u1eadn h\u00e0ng v\u00e0 thanh to\u00e1n, Qu\u00fd Kh\u00e1ch \u0111\u01b0\u1ee3c quy\u1ec1n ki\u1ec3m tra s\u1ea3n ph\u1ea9m.\u00a0<strong>Kh\u00f4ng h\u1ed7 tr\u1ee3 th\u1eed h\u00e0ng.<\/strong><\/p>\n<p>Qu\u00fd Kh\u00e1ch vui l\u00f2ng m\u1edf g\u00f3i h\u00e0ng ki\u1ec3m tra \u0111\u1ec3 \u0111\u1ea3m b\u1ea3o \u0111\u01a1n h\u00e0ng \u0111\u01b0\u1ee3c giao \u0111\u00fang m\u1eabu m\u00e3, s\u1ed1 l\u01b0\u1ee3ng nh\u01b0 \u0111\u01a1n h\u00e0ng \u0111\u00e3 \u0111\u1eb7t.\u00a0<strong>Kh\u00f4ng th\u1eed hay d\u00f9ng th\u1eed s\u1ea3n ph\u1ea9m.<\/strong><\/p>\n<p>Sau khi \u0111\u1ed3ng \u00fd v\u1edbi m\u00f3n h\u00e0ng \u0111\u01b0\u1ee3c giao \u0111\u1ebfn, Qu\u00fd Kh\u00e1ch thanh to\u00e1n v\u1edbi nh\u00e2n vi\u00ean giao h\u00e0ng (tr\u01b0\u1eddng h\u1ee3p \u0111\u01a1n h\u00e0ng \u0111\u01b0\u1ee3c ship COD) v\u00e0 nh\u1eadn h\u00e0ng.<\/p>\n<p>Tr\u01b0\u1eddng h\u1ee3p Qu\u00fd Kh\u00e1ch kh\u00f4ng \u01b0ng \u00fd v\u1edbi s\u1ea3n ph\u1ea9m, Qu\u00fd Kh\u00e1ch c\u00f3 th\u1ec3 t\u1eeb ch\u1ed1i nh\u1eadn h\u00e0ng. T\u1ea1i \u0111\u00e2y, ch\u00fang t\u00f4i\u00a0s\u1ebd thu th\u00eam chi ph\u00ed ho\u00e0n h\u00e0ng, t\u01b0\u01a1ng \u0111\u01b0\u01a1ng v\u1edbi ph\u00ed ship c\u1ee7a \u0111\u01a1n h\u00e0ng Qu\u00fd kh\u00e1ch \u0111\u00e3 \u0111\u1eb7t.<\/p>\n<p><strong>L\u01b0u \u00fd:\u00a0<\/strong><\/p>\n<p>\u2013 Khi Qu\u00fd Kh\u00e1ch ki\u1ec3m tra \u0111\u01a1n h\u00e0ng, nh\u00e2n vi\u00ean giao nh\u1eadn bu\u1ed9c ph\u1ea3i \u0111\u1ee3i Qu\u00fd Kh\u00e1ch ki\u1ec3m tra h\u00e0ng h\u00f3a b\u00ean trong g\u00f3i h\u00e0ng. Tr\u01b0\u1eddng h\u1ee3p nh\u00e2n vi\u00ean t\u1eeb ch\u1ed1i cho Qu\u00fd Kh\u00e1ch ki\u1ec3m tra h\u00e0ng h\u00f3a, Qu\u00fd Kh\u00e1ch vui l\u00f2ng li\u00ean h\u1ec7 v\u1edbi\u00a0<strong>Cherrystore.com.vn\u00a0<\/strong>\u00a0qua hotline:\u00a0<a href=\"tel:0899899239\">0899.899.239<\/a>\u00a0\u0111\u1ec3 \u0111\u01b0\u1ee3c h\u1ed7 tr\u1ee3.<\/p>\n<p>\u2013 \u00a0cherrystore.com.vn \u00a0s\u1ebd kh\u00f4ng ch\u1ecbu tr\u00e1ch nhi\u1ec7m v\u1ec1 s\u1ed1 l\u01b0\u1ee3ng, m\u1eabu m\u00e3 c\u0169ng nh\u01b0 l\u1ed7i c\u1ee7a s\u1ea3n ph\u1ea9m, sau khi \u0111\u01a1n h\u00e0ng \u0111\u00e3 \u0111\u01b0\u1ee3c giao h\u00e0ng th\u00e0nh c\u00f4ng.<\/p>\n<p>\u2013 Qu\u00fd Kh\u00e1ch tr\u00e1nh d\u00f9ng v\u1eadt s\u1eafc nh\u1ecdn \u0111\u1ec3 m\u1edf g\u00f3i h\u00e0ng \u0111\u1ec3\u00a0tr\u00e1nh g\u00e2y h\u01b0 h\u1ecfng cho s\u1ea3n ph\u1ea9m b\u00ean trong. \u0110\u1ed1i v\u1edbi nh\u1eefng tr\u01b0\u1eddng h\u1ee3p s\u1ea3n ph\u1ea9m b\u1ecb h\u01b0 h\u1ecfng do l\u1ed7i t\u1eeb ph\u00eda Kh\u00e1ch h\u00e0ng, \u00a0cherrystore.com.vn \u00a0r\u1ea5t ti\u1ebfc kh\u00f4ng th\u1ec3 h\u1ed7 tr\u1ee3 Qu\u00fd Kh\u00e1ch \u0111\u1ed5i\/tr\u1ea3\/b\u1ea3o h\u00e0nh s\u1ea3n ph\u1ea9m.<\/p>\n","protected":false},"excerpt":{"rendered":"<p>Ch\u00ednh s\u00e1ch ki\u1ec3m h\u00e0ng Tr\u01b0\u1edbc khi nh\u1eadn h\u00e0ng v\u00e0 thanh to\u00e1n, Qu\u00fd Kh\u00e1ch \u0111\u01b0\u1ee3c quy\u1ec1n ki\u1ec3m tra s\u1ea3n ph\u1ea9m.\u00a0Kh\u00f4ng h\u1ed7 tr\u1ee3 th\u1eed h\u00e0ng. Qu\u00fd Kh\u00e1ch vui l\u00f2ng m\u1edf g\u00f3i h\u00e0ng ki\u1ec3m tra \u0111\u1ec3 \u0111\u1ea3m b\u1ea3o \u0111\u01a1n h\u00e0ng \u0111\u01b0\u1ee3c giao \u0111\u00fang m\u1eabu m\u00e3, s\u1ed1 l\u01b0\u1ee3ng nh\u01b0 \u0111\u01a1n h\u00e0ng \u0111\u00e3 \u0111\u1eb7t.\u00a0Kh\u00f4ng th\u1eed hay d\u00f9ng th\u1eed s\u1ea3n ph\u1ea9m. [&#8230;]\n","protected":false},"author":1,"featured_media":0,"parent":0,"menu_order":0,"comment_status":"closed","ping_status":"closed","template":"","meta":{"footnotes":""},"class_list":["post-745","page","type-page","status-publish","hentry"],"yoast_head":"<!-- This site is optimized with the Yoast SEO plugin v27.0 - https:\/\/yoast.com\/product\/yoast-seo-wordpress\/ -->\n<title>- banhtrang<\/title>\n<meta name=\"robots\" content=\"index, follow, max-snippet:-1, max-image-preview:large, max-video-preview:-1\" \/>\n<link rel=\"canonical\" href=\"https:\/\/xn--trngiaminh-bl3e.azdigi.shop\/?page_id=745\" \/>\n<meta property=\"og:locale\" content=\"vi_VN\" \/>\n<meta property=\"og:type\" content=\"article\" \/>\n<meta property=\"og:title\" content=\"- banhtrang\" \/>\n<meta property=\"og:description\" content=\"Ch\u00ednh s\u00e1ch ki\u1ec3m h\u00e0ng Tr\u01b0\u1edbc khi nh\u1eadn h\u00e0ng v\u00e0 thanh to\u00e1n, Qu\u00fd Kh\u00e1ch \u0111\u01b0\u1ee3c quy\u1ec1n ki\u1ec3m tra s\u1ea3n ph\u1ea9m.\u00a0Kh\u00f4ng h\u1ed7 tr\u1ee3 th\u1eed h\u00e0ng. Qu\u00fd Kh\u00e1ch vui l\u00f2ng m\u1edf g\u00f3i h\u00e0ng ki\u1ec3m tra \u0111\u1ec3 \u0111\u1ea3m b\u1ea3o \u0111\u01a1n h\u00e0ng \u0111\u01b0\u1ee3c giao \u0111\u00fang m\u1eabu m\u00e3, s\u1ed1 l\u01b0\u1ee3ng nh\u01b0 \u0111\u01a1n h\u00e0ng \u0111\u00e3 \u0111\u1eb7t.\u00a0Kh\u00f4ng th\u1eed hay d\u00f9ng th\u1eed s\u1ea3n ph\u1ea9m. [...]\" \/>\n<meta property=\"og:url\" content=\"https:\/\/xn--trngiaminh-bl3e.azdigi.shop\/?page_id=745\" \/>\n<meta property=\"og:site_name\" content=\"banhtrang\" \/>\n<meta name=\"twitter:card\" content=\"summary_large_image\" \/>\n<meta name=\"twitter:label1\" content=\"\u01af\u1edbc t\u00ednh th\u1eddi gian \u0111\u1ecdc\" \/>\n\t<meta name=\"twitter:data1\" content=\"2 ph\u00fat\" \/>\n<script type=\"application\/ld+json\" class=\"yoast-schema-graph\">{\"@context\":\"https:\/\/schema.org\",\"@graph\":[{\"@type\":\"WebPage\",\"@id\":\"https:\/\/xn--trngiaminh-bl3e.azdigi.shop\/?page_id=745\",\"url\":\"https:\/\/xn--trngiaminh-bl3e.azdigi.shop\/?page_id=745\",\"name\":\"- banhtrang\",\"isPartOf\":{\"@id\":\"https:\/\/xn--trngiaminh-bl3e.azdigi.shop\/#website\"},\"datePublished\":\"2026-04-19T14:05:11+00:00\",\"inLanguage\":\"vi\",\"potentialAction\":[{\"@type\":\"ReadAction\",\"target\":[\"https:\/\/xn--trngiaminh-bl3e.azdigi.shop\/?page_id=745\"]}]},{\"@type\":\"WebSite\",\"@id\":\"https:\/\/xn--trngiaminh-bl3e.azdigi.shop\/#website\",\"url\":\"https:\/\/xn--trngiaminh-bl3e.azdigi.shop\/\",\"name\":\"banhtrang\",\"description\":\"Mua \u0110i \u0110\u1eebng Ng\u1ea1i\",\"potentialAction\":[{\"@type\":\"SearchAction\",\"target\":{\"@type\":\"EntryPoint\",\"urlTemplate\":\"https:\/\/xn--trngiaminh-bl3e.azdigi.shop\/?s={search_term_string}\"},\"query-input\":{\"@type\":\"PropertyValueSpecification\",\"valueRequired\":true,\"valueName\":\"search_term_string\"}}],\"inLanguage\":\"vi\"}]}<\/script>\n<!-- \/ Yoast SEO plugin. -->","yoast_head_json":{"title":"- banhtrang","robots":{"index":"index","follow":"follow","max-snippet":"max-snippet:-1","max-image-preview":"max-image-preview:large","max-video-preview":"max-video-preview:-1"},"canonical":"https:\/\/xn--trngiaminh-bl3e.azdigi.shop\/?page_id=745","og_locale":"vi_VN","og_type":"article","og_title":"- banhtrang","og_description":"Ch\u00ednh s\u00e1ch ki\u1ec3m h\u00e0ng Tr\u01b0\u1edbc khi nh\u1eadn h\u00e0ng v\u00e0 thanh to\u00e1n, Qu\u00fd Kh\u00e1ch \u0111\u01b0\u1ee3c quy\u1ec1n ki\u1ec3m tra s\u1ea3n ph\u1ea9m.\u00a0Kh\u00f4ng h\u1ed7 tr\u1ee3 th\u1eed h\u00e0ng. Qu\u00fd Kh\u00e1ch vui l\u00f2ng m\u1edf g\u00f3i h\u00e0ng ki\u1ec3m tra \u0111\u1ec3 \u0111\u1ea3m b\u1ea3o \u0111\u01a1n h\u00e0ng \u0111\u01b0\u1ee3c giao \u0111\u00fang m\u1eabu m\u00e3, s\u1ed1 l\u01b0\u1ee3ng nh\u01b0 \u0111\u01a1n h\u00e0ng \u0111\u00e3 \u0111\u1eb7t.\u00a0Kh\u00f4ng th\u1eed hay d\u00f9ng th\u1eed s\u1ea3n ph\u1ea9m. [...]","og_url":"https:\/\/xn--trngiaminh-bl3e.azdigi.shop\/?page_id=745","og_site_name":"banhtrang","twitter_card":"summary_large_image","twitter_misc":{"\u01af\u1edbc t\u00ednh th\u1eddi gian \u0111\u1ecdc":"2 ph\u00fat"},"schema":{"@context":"https:\/\/schema.org","@graph":[{"@type":"WebPage","@id":"https:\/\/xn--trngiaminh-bl3e.azdigi.shop\/?page_id=745","url":"https:\/\/xn--trngiaminh-bl3e.azdigi.shop\/?page_id=745","name":"- banhtrang","isPartOf":{"@id":"https:\/\/xn--trngiaminh-bl3e.azdigi.shop\/#website"},"datePublished":"2026-04-19T14:05:11+00:00","inLanguage":"vi","potentialAction":[{"@type":"ReadAction","target":["https:\/\/xn--trngiaminh-bl3e.azdigi.shop\/?page_id=745"]}]},{"@type":"WebSite","@id":"https:\/\/xn--trngiaminh-bl3e.azdigi.shop\/#website","url":"https:\/\/xn--trngiaminh-bl3e.azdigi.shop\/","name":"banhtrang","description":"Mua \u0110i \u0110\u1eebng Ng\u1ea1i","potentialAction":[{"@type":"SearchAction","target":{"@type":"EntryPoint","urlTemplate":"https:\/\/xn--trngiaminh-bl3e.azdigi.shop\/?s={search_term_string}"},"query-input":{"@type":"PropertyValueSpecification","valueRequired":true,"valueName":"search_term_string"}}],"inLanguage":"vi"}]}},"_links":{"self":[{"href":"https:\/\/xn--trngiaminh-bl3e.azdigi.shop\/index.php?rest_route=\/wp\/v2\/pages\/745","targetHints":{"allow":["GET"]}}],"collection":[{"href":"https:\/\/xn--trngiaminh-bl3e.azdigi.shop\/index.php?rest_route=\/wp\/v2\/pages"}],"about":[{"href":"https:\/\/xn--trngiaminh-bl3e.azdigi.shop\/index.php?rest_route=\/wp\/v2\/types\/page"}],"author":[{"embeddable":true,"href":"https:\/\/xn--trngiaminh-bl3e.azdigi.shop\/index.php?rest_route=\/wp\/v2\/users\/1"}],"replies":[{"embeddable":true,"href":"https:\/\/xn--trngiaminh-bl3e.azdigi.shop\/index.php?rest_route=%2Fwp%2Fv2%2Fcomments&post=745"}],"version-history":[{"count":1,"href":"https:\/\/xn--trngiaminh-bl3e.azdigi.shop\/index.php?rest_route=\/wp\/v2\/pages\/745\/revisions"}],"predecessor-version":[{"id":746,"href":"https:\/\/xn--trngiaminh-bl3e.azdigi.shop\/index.php?rest_route=\/wp\/v2\/pages\/745\/revisions\/746"}],"wp:attachment":[{"href":"https:\/\/xn--trngiaminh-bl3e.azdigi.shop\/index.php?rest_route=%2Fwp%2Fv2%2Fmedia&parent=745"}],"curies":[{"name":"wp","href":"https:\/\/api.w.org\/{rel}","templated":true}]}}